or of 50828?
True
Is 62 a factor of 558?
True
Is 160 a factor of 42015?
False
Is 17 a factor of 2043?
False
Is 3 a factor of 73?
False
Is 1425 a multiple of 44?
False
Is 3 a factor of 90?
True
Does 11 divide 1743?
False
Is 18 a factor of 488?
False
Is 22 a factor of 660?
True
Is 42 even?
True
Is 6264 a multiple of 27?
True
Does 69 divide 69?
True
Is 292 a multiple of 6?
False
Is 18 a factor of 285?
False
Is 448 a multiple of 28?
True
Is 2184 a multiple of 44?
False
Is 176 a multiple of 4?
True
Is 13 a factor of 1105?
True
Does 47 divide 2900?
False
Is 2369 a multiple of 44?
False
Is 59 a factor of 3894?
True
Is 17 a factor of 2477?
False
Is 46 a factor of 2218?
False
Is 4480 a multiple of 35?
True
Does 128 divide 896?
True
Is 7400 a multiple of 20?
True
Is 5 a factor of 21?
False
Is 5 a factor of 545?
True
Does 11 divide 1683?
True
Is 364 a multiple of 4?
True
Is 4 a factor of 1796?
True
Is 402 a multiple of 52?
False
Does 30 divide 30419?
False
Does 12 divide 705?
False
Is 9996 a multiple of 147?
True
Is 57 a factor of 2749?
False
Is 10300 a multiple of 99?
False
Does 5 divide 4604?
False
Is 18 a factor of 39258?
True
Does 9 divide 252?
True
Is 439 a multiple of 7?
False
Is 11 a factor of 3442?
False
Is 39151 a multiple of 119?
True
Does 14 divide 9955?
False
Does 22 divide 1100?
True
Is 9 a factor of 998?
False
Is 546 a multiple of 26?
True
Does 13 divide 1202?
False
Is 88 a factor of 65849?
False
Does 11 divide 1013?
False
Is 10 a factor of 410?
True
Is 34 a factor of 19862?
False
Is 13 a factor of 1053?
True
Does 52 divide 367?
False
Is 3003 a multiple of 71?
False
Is 11745 a multiple of 135?
True
Is 52 a factor of 3542?
False
Is 5404 a multiple of 34?
False
Is 2774 a multiple of 10?
False
Is 43 a factor of 95237?
False
Is 11 a factor of 26789?
False
Is 585 a multiple of 15?
True
Is 27 a factor of 1107?
True
Does 4 divide 292?
True
Does 7 divide 17122?
True
Is 79200 a multiple of 165?
True
Is 16 a factor of 930?
False
Is 108 a factor of 9712?
False
Is 4864 a multiple of 152?
True
Does 6 divide 241?
False
Does 7 divide 20178?
False
Is 18 a factor of 6266?
False
Is 18 a factor of 30704?
False
Is 27 a factor of 4989?
False
Does 81 divide 25920?
True
Is 191 even?
False
Is 569 a multiple of 26?
False
Is 4598 a multiple of 47?
False
Does 63 divide 2228?
False
Does 107 divide 3101?
False
Does 3 divide 13928?
False
Is 6 a factor of 6888?
True
Is 97 a factor of 31525?
True
Is 13 a factor of 2405?
True
Does 203 divide 9541?
True
Is 9 a factor of 49903?
False
Does 2 divide 30?
True
Is 118 a multiple of 2?
True
Does 14 divide 1050?
True
Is 16 a factor of 1841?
False
Does 37 divide 120178?
False
Does 53 divide 1961?
True
Is 33348 a multiple of 14?
True
Is 68724 a multiple of 17?
False
Is 1441 a multiple of 6?
False
Does 19 divide 6992?
True
Is 324 a multiple of 9?
True
Is 22 a factor of 7074?
False
Does 4 divide 2506?
False
Does 75 divide 1275?
True
Is 20 a factor of 5506?
False
Is 9 a factor of 207?
True
Is 3738 a multiple of 21?
True
Does 21 divide 352?
False
Is 27 a factor of 6504?
False
Is 13 a factor of 624?
True
Does 133 divide 1064?
True
Is 276 a factor of 58512?
True
Is 8 a factor of 1178?
False
Does 36 divide 1388?
False
Is 2 a factor of 13?
False
Is 679 a multiple of 7?
True
Does 92 divide 22866?
False
Does 20 divide 1180?
True
Is 12590 a multiple of 32?
False
Is 114 a factor of 48678?
True
Is 42 a factor of 218?
False
Does 3 divide 2919?
True
Is 5437 a multiple of 13?
False
Does 29 divide 580?
True
Does 138 divide 41124?
True
Is 39009 a multiple of 19?
False
Is 2988 a multiple of 4?
True
Is 35904 a multiple of 34?
True
Is 36 a factor of 151096?
False
Is 687 a multiple of 12?
False
Is 93 a factor of 1953?
True
Is 23 even?
False
Is 2751 a multiple of 131?
True
Is 35472 a multiple of 16?
True
Is 11 a factor of 2717?
True
Is 13283 a multiple of 86?
False
Is 31 a factor of 2397?
False
Does 7 divide 14?
True
Does 10 divide 17591?
False
Is 20 a factor of 42?
False
Does 187 divide 96142?
False
Is 28150 a multiple of 50?
True
Is 1540 a multiple of 77?
True
Is 2323 a multiple of 89?
False
Is 950 a multiple of 19?
True
Is 6 a factor of 2964?
True
Is 26 a factor of 165?
False
Is 68 a multiple of 4?
True
Does 107 divide 21293?
True
Is 25 a factor of 1425?
True
Is 21 a factor of 4948?
False
Is 28 a factor of 112?
True
Does 37 divide 276?
False
Is 974 a multiple of 10?
False
Does 7 divide 476?
True
Is 74 a factor of 2220?
True
Is 14188 a multiple of 14?
False
Does 8 divide 8688?
True
Does 50 divide 6792?
False
Is 2009 even?
False
Does 2 divide 306?
True
Does 73 divide 6329?
False
Is 13 a factor of 23376?
False
Does 7 divide 1593?
False
Is 5694 a multiple of 13?
True
Is 35790 a multiple of 37?
False
Is 33 a factor of 751?
False
Does 29 divide 12209?
True
Does 20 divide 3255?
False
Does 25 divide 23475?
True
Is 306 a multiple of 9?
True
Does 21 divide 273?
True
Is 13425 a multiple of 16?
False
Does 12 divide 2537?
False
Does 53 divide 2513?
False
Is 33 a factor of 627?
True
Is 352 a multiple of 20?
False
Is 19 a factor of 658?
False
Is 35 a factor of 2380?
True
Does 8 divide 7915?
False
Is 864 a multiple of 24?
True
Does 12 divide 864?
True
Does 8 divide 1607?
False
Is 23345 a multiple of 145?
True
Is 11934 a multiple of 9?
True
Does 101 divide 78578?
True
Is 252 a multiple of 2?
True
Is 140 a multiple of 5?
True
Is 8 a factor of 328?
True
Does 9 divide 1674?
True
Is 8 a factor of 368?
True
Is 311 a factor of 12129?
True
Does 13 divide 520?
True
Does 8 divide 6554?
False
Does 11 divide 37268?
True
Is 29 a factor of 3211?
False
Does 108 divide 53460?
True
Is 1241 a multiple of 17?
True
Is 5743 a multiple of 6?
False
Is 229 a factor of 23296?
False
Is 38 a factor of 144876?
False
Does 21 divide 942?
False
Is 2294 a multiple of 74?
True
Is 17513 a multiple of 128?
False
Does 14 divide 1008?
True
Is 24051 a multiple of 27?
False
Is 23760 a multiple of 112?
False
Is 119 a factor of 54859?
True
Is 148 a factor of 5624?
True
Is 11 a factor of 330?
True
Is 1569 a multiple of 80?
False
Does 26 divide 1464?
False
Is 204 a multiple of 12?
True
Is 16588 a multiple of 11?
True
Does 18 divide 54?
True
Does 7 divide 1183?
True
Does 16 divide 3248?
True
Does 40 divide 60040?
True
Is 1600 a multiple of 100?
True
Is 15 a factor of 975?
True
Does 23 divide 299?
True
Is 32468 a multiple of 124?
False
Is 132 a multiple of 6?
True
Does 5 divide 4655?
True
Does 46 divide 8944?
False
Is 44 a factor of 541?
False
Is 6 a factor of 1630?
False
Does 31 divide 8963?
False
Is 8 a factor of 1982?
False
Is 18818 a multiple of 9?
False
Is 28 a factor of 2620?
False
Does 20 divide 440?
True
Is 826 a multiple of 12?
False
Does 5 divide 228?
False
Is 90 a factor of 11722?
False
Does 73 divide 1825?
True
Is 2 a factor of 325?
False
Is 592 a multiple of 74?
True
Is 113 a factor of 5764?
False
Is 2928 a multiple of 16?
True
Is 16 a factor of 448?
True
Is 7296 a multiple of 116?
False
Is 192 a multiple of 12?
True
Is 100 a factor of 8336?
False
Is 2 a factor of 4038?
True
Does 23 divide 925?
False
Is 2457 a multiple of 79?
False
Is 58 a factor of 2958?
True
Does 140 divide 5460?
True
Does 13 divide 36998?
True
Is 12 a factor of 756?
True
Is 424 even?
True
Is 2961 a multiple of 47?
True
Is 113 a factor of 7232?
True
Does 40 divide 2501?
False
Is 3231 a multiple of 81?
False
Is 15 a factor of 3021?
False
Is 135 a multiple of 4?
False
Is 21645 a multiple of 65?
True
Does 250 divide 25750?
True
Does 63 divide 20097?
True
Is 526 a multiple of 16?
False
Is 11864 a multiple of 33?
False
Does 12 divide 12437?
False
Is 173 a factor of 692?
True
Is 24114 a multiple of 15?
False
Is 25 a factor of 725?
True
Is 368 a multiple of 13?
False
Is 613 a multiple of 21?
False
Is 4252 a multiple of 17?
False
Is 3753 a multiple of 27?
True
Does 15 divide 841?
False
Does 126 divide 15372?
True
Is 28 a factor of 146?
False
Does 4 divide 79?
False
Is 304 a multiple of 58?
False
Is 1362 a multiple of 18?
False
Is 1632 a multiple of 136?
True
Is 30 a factor of 60?
True
Is 262 a factor of 24366?
True
Is 78 a factor of 6942?
True
Is 1079 a multiple of 5?
False
Is 4692 a multiple of 68?
True
Is 5889 even?
False
Is 54 a multiple of 3?
True
Does 6 divide 60?
True
Is 3163 a multiple of 20?
False
Is 12 a factor of 7632?
True
